1594 - 0)?
9
Let k(h) = 7*h**3 + h**2 - 11*h + 11. Let t(i) = i - 1. Let c(l) = 2*k(l) + 18*t(l). What is the hundreds digit of c(2)?
1
Suppose -4*z + t + 5785 = 0, -4*z = 46*t - 48*t - 5790. What is the tens digit of z?
4
What is the thousands digit of 2*7/(-91) + 30435/13?
2
Suppose 12 = 5*w - 2*w. Suppose 4*o + 3*h - 596 = 2*h, 0 = -3*o - w*h + 447. What is the hundreds digit of o?
1
Let y(p) = 10*p**3 + p**2 + 5*p - 6. What is the units digit of y(4)?
0
Let f = -741 - -392. Let n = f - -628. What is the tens digit of n?
7
Suppose -5*l + 511 = 4*n, 4*l - 380 = -0*l + 4*n. Suppose l = -0*s + s. What is the tens digit of s?
9
Let g = -3600 - -6842. What is the units digit of g?
2
Let n(i) = -i**3 + 6*i**2 - 9*i + 9. Let l be n(4). Suppose 5*d = -l*d + 750. What is the tens digit of d?
7
Suppose -2*y + 5*g - 2 = -11, -60 = -4*y - 4*g. Let d(i) = 14*i - 35. What is the units digit of d(y)?
3
What is the hundreds digit of 112/(-42)*(-966)/8?
3
Let a = -1934 - -2208. What is the units digit of a?
4
Let i be 2/3 - 56/63*-6. Suppose 4*r = 3*r + 4. Suppose -3*z - 153 = -r*l, 121 = 3*l + i*z - 2*z. What is the tens digit of l?
3
Let s = -129 + 194. Suppose s = 4*u + 3*k - 3, 2*u - 34 = -2*k. What is the tens digit of u?
1
Let v be (-340)/15*12/8. Let l(k) = k**3 - 10*k**2 - 9*k + 14. Let d be l(11). Let o = v + d. What is the units digit of o?
2
Let v(d) = d**2 + 14*d - 92. What is the tens digit of v(-20)?
2
Let o = 26 + 5134. What is the tens digit of o?
6
Let p be -3 + (-116)/(-36) + (-32)/(-18). Suppose 0 + 1 = v, y + p*v = 87. What is the units digit of y?
5
Suppose -l - 3*v - 6 = 0, -l = -v - 4 + 2. Suppose 14 = -l*r + r. What is the tens digit of r?
1
Suppose -a = -26 - 247. What is the units digit of a?
3
What is the tens digit of (-6)/(-21) + -2*124/(-14)?
1
Let j(g) = -3*g**2 + 2*g + 3. Let w be j(2). What is the tens digit of w*6/(-75) - (-654)/15?
4
Let y be (-6)/4*24/(-18). Suppose 4*a = y*a - 20. What is the tens digit of ((-37)/5)/(2/a)?
3
Let f be 15 + 309 - (-1 + 0). Suppose 91 + 39 = 2*l - t, 2*t - f = -5*l. What is the tens digit of l?
6
Let u(o) = -o**3 + 7*o**2 - 3*o - 3. Let w = -5 + 11. Let i be u(w). What is the tens digit of (-6)/i - 360/(-25)?
1
Suppose 2*l - 5*l + 15 = 0. Let x(o) = 4*o - 4. What is the tens digit of x(l)?
1
Let x be 3 + (3 + 905)/4. Let o = x - 96. Suppose 0 = -4*j + 34 + o. What is the units digit of j?
2
Let s = 121 + 1444. What is the hundreds digit of s?
5
Let o be (-8 + 7)*0/(-2). Suppose 3*d + 13 - 76 = o. Suppose 0*i - 4*n = 2*i - 46, 0 = -2*i + n + d. What is the tens digit of i?
1
Suppose 42*d + 9592 = 53*d. What is the tens digit of d?
7
What is the hundreds digit of ((-1397)/(-44))/(2/32)?
5
Let k = -242 - -609. What is the hundreds digit of k?
3
Suppose 4371 = -13*h + 69930. What is the hundreds digit of h?
0
Let z(w) = -4 + 124*w + 20 + 2*w**2 - 119*w. What is the units digit of z(-7)?
9
Let b(t) = -3*t**3 - 17*t**2 - 2*t + 15. What is the units digit of b(-7)?
5
Let f = 29 - 16. Suppose -f = -c - 0*c. What is the tens digit of c?
1
Let b(n) = 92*n**2 + 21*n - 4. What is the hundreds digit of b(5)?
4
Suppose 0 = -9*i + i + 1976. Let x = i + -140. What is the tens digit of x?
0
Let u(g) be the first derivative of g**4/4 + 10*g**3/3 - 2*g**2 + 6. What is the tens digit of u(-8)?
6
Let r be (-6)/(3 - (-21)/(-6)). Suppose -2*n - 4 = -4*n - l, n = 3*l - r. Suppose -2*o - 6*o + 488 = n. What is the tens digit of o?
6
Let b = -9 + 25. Let q = -34 + b. Let w = q - -55. What is the units digit of w?
7
Let v = 522 - 520. Let l be 6/15 + (-228)/(-5). What is the tens digit of v + -4 + 2 + l?
4
What is the tens digit of 4/(8034/2008 + -4)?
1
Let x = -259 + 265. Let m be (0 - -1) + (-100)/(-2). Suppose x*a = 3*a + m. What is the tens digit of a?
1
Let s(h) = 2*h - 2. Let p be s(5). Suppose 6*b - 4*b + p = 2*i, 2*i - 8 = -2*b. What is the units digit of 7 + -6 - (b + -4)?
5
Let k be (-1 + 0 - 1) + 6. Suppose 3*j - k - 11 = 0, 5*v - 755 = 3*j. What is the hundreds digit of v?
1
Suppose -z - 5 = -19. Let a = z + -14. Suppose -3*v - 9 + 81 = a. What is the units digit of v?
4
What is the hundreds digit of 98/7*108/7?
2
Suppose k + 185 + 59 = 3*b, k + 246 = 4*b. Let i = k - -340. What is the units digit of i?
2
Let h(g) = -12*g + 63. What is the units digit of h(0)?
3
Let u(k) = 12*k + 76. What is the hundreds digit of u(2)?
1
Let o(k) = k**3 + 7*k**2 + k + 9. Let c be o(-6). Let y = 67 - c. What is the units digit of y?
8
Let j(k) = -2. Let u(b) = 14*b + 11. Let y(w) = 3*j(w) + u(w). What is the tens digit of y(3)?
4
Let r(i) = -i**2 + 6*i + 1. Let a = 0 - -7. Let z be r(a). What is the tens digit of (z/(-9))/((-4)/(-138))?
2
Let j be (-1 - 159/6)*-2. Suppose 4*r - z = 38, 0*r - 20 = -r - 5*z. What is the units digit of (-44)/j*(0 - r)?
8
Suppose 0 = -r - 2*r. Suppose 0 = u + 4*u, 5*x + u - 20 = r. Suppose -74 = -x*m + 30. What is the units digit of m?
6
Suppose -4*d + 12 = -6*g + 2*g, 2*d + 1 = -5*g. Suppose -u + 20 = x, -u + 3 = -d. Suppose -13*h + x*h = 28. What is the units digit of h?
4
Let r(m) = 75*m**3 - 4*m**2 + m + 6. What is the hundreds digit of r(2)?
5
Suppose 3 = 7*d - 4. What is the units digit of (-263)/(-4) - d/(-4)?
6
Suppose 5*p - 3*p - 4 = 0. Suppose -p*m + 5 = -75. What is the tens digit of m?
4
Suppose -4*f = -n + 6*n - 32, 0 = -2*n + 4*f - 4. Suppose n*y + 84 = -t, t + 2*y + 292 = -2*t. What is the tens digit of ((-2)/4)/(2/t)?
2
Let g(r) be the second derivative of -34*r**3/3 - 63*r**2/2 - 17*r. What is the units digit of g(-5)?
7
What is the tens digit of (-2)/(-4) + 970/4?
4
Let h = -85 - -91. What is the tens digit of (h/9 - 0)*174?
1
What is the tens digit of -4 - 8408/(-2) - (-14)/2?
0
Suppose -f + 2*z - 291 = -2091, -3*f + 5410 = -4*z. What is the thousands digit of f?
1
Let i be ((-1)/(-3))/(3/18). Suppose -i*k = -612 + 180. What is the tens digit of k?
1
Suppose -6012 + 1180 = -16*r. Let p = -160 + r. What is the hundreds digit of p?
1
Suppose 3*v - 233 = 2*q, 0 = 289*v - 287*v + 3*q - 151. What is the units digit of v?
7
Let k(r) = -r**2 + r + 13. Let d be k(0). Let m = 32 - d. What is the units digit of m?
9
Let j be (-205)/(-9) + (-24)/(-108). Suppose -j*v = -21*v - 582. What is the tens digit of v?
9
Suppose -4*k - 25 - 7 = 0. What is the units digit of (-7 - k)/((-1)/(-80))?
0
Suppose 0 = -13*v + v + 60. Suppose -v*s = -2*m + 270, 5*s + 99 + 26 = m. What is the hundreds digit of m?
1
Suppose -4613 = -4*v + 5*z, v - 272 = 2*z + 885. What is the units digit of v?
7
Let g = 629 - 169. What is the hundreds digit of g?
4
Let n(l) = l + 4. Let k be n(0). Suppose k*g - 232 = -4*a, -a - g = 3*g - 70. What is the units digit of a?
4
Let l = -124 + 427. What is the units digit of l?
3
Let b be (((-1)/4)/1)/((-8)/160). Suppose -7*v + 3*v - 4 = 0, k = b*v + 128. What is the units digit of k?
3
Let i = 686 - 425. What is the units digit of i?
1
Suppose 2670 = 4*t - 5*a, 2*t + 3329 = 7*t - 2*a. Suppose 14*l - 665 = t. What is the units digit of l?
5
Suppose -3*j = 325 - 976. What is the units digit of j?
7
Let h be 2/(48/(-21) - -2). Suppose -n - 2 - 2 = 0. Let p = n - h. What is the units digit of p?
3
Suppose -5*j - 5*r + 14535 = 0, -5*r = -4*j + 9743 + 1903. What is the thousands digit of j?
2
Suppose 2*p - 1501 = -m, -3*p + m = -2*m - 2229. What is the hundreds digit of p?
7
Let g(p) = -2*p + 15. Let b be g(8). Let l be -2 - -5 - (b + 4). What is the units digit of (l - (-120)/(-3))/(-2)?
0
Let b(o) = 3*o**2 - 52*o - 4. What is the tens digit of b(-9)?
0
Let l = -47 - -50. Suppose -l*z + 67 = -107. What is the tens digit of z?
5
Let z(c) = c**2 - 2*c + 13. Let b be z(4). Let q(w) = -11*w**2 - b + 40 - 24 - 10*w + w**3. What is the tens digit of q(12)?
1
Let t = 24 - 36. Let l = t - -49. What is the units digit of l?
7
Suppose -2*s - 1664 = -15*s. Suppose -s = -4*l + 92. What is the tens digit of l?
5
Suppose -10*n + 6*n + 16 = 0. Suppose n*l + 3 = -4*w - 1, 0 = -w + 5*l - 7. Let s(a) = -16*a - 3. What is the tens digit of s(w)?
2
Let d(l) = -2*l - 6. Let m = 7 + 0. Let w be d(m). What is the units digit of 1*w/16*-8?
0
Let t(n) = -69*n**3 + 2*n**2 + 2*n - 3. What is the hundreds digit of t(-2)?
5
Let y(n) = -n**3 + n**2 - n - 1. Let c(u) = -3*u**3 + 7*u**2 + u - 2. Let s(k) = -c